 composite number?
False
Suppose 2*k - 4 = -0*k. Suppose 138 = -k*j + 5*j. Is j a prime number?
False
Suppose -3210 = 8*j - 14*j. Is j a composite number?
True
Suppose 20*a - 15*a - 1055 = 0. Is a a prime number?
True
Let u(j) = 74*j**2 - 3. Is u(-2) prime?
True
Let w be 6/(-12)*(-1 + -1). Let o(n) = 203*n**2 + n - 1. Is o(w) prime?
False
Let g = -13 - -20. Let v(o) = -o**2 + o - 5. Let k be v(g). Let z = 71 - k. Is z composite?
True
Let c be 2 - (2 + 1 + -6). Let n = 20 - c. Is n a composite number?
True
Let n(i) = 10*i**2 - 18*i + 25. Is n(12) a prime number?
True
Suppose 0*w = -3*w + 9. Let y = w - 3. Suppose 33 = 3*c - y*c. Is c prime?
True
Let m(n) = 2*n**2 + 3*n + 15. Is m(12) composite?
True
Suppose -a = 0, -5*c = 2*a - 3873 + 418. Is c a composite number?
False
Let z be (-4)/(-10) + (-24)/(-15). Is (-59)/z*(-4 - -2) a composite number?
False
Let f be ((-6)/(-15))/(2/10). Let y be f*5*6/12. Suppose -42 - 13 = -y*n. Is n composite?
False
Let t(p) = -13*p**3 - p. Suppose d - 5*d + 16 = 0. Suppose -j + d = -5*j. Is t(j) a composite number?
True
Let p(d) = 29*d + 2. Is p(7) a prime number?
False
Suppose 5*v - 72 - 163 = 0. Let u = -34 + v. Is u prime?
True
Suppose -d - 624 = -5*d + 3*s, 3*d - 468 = s. Let w = d + -103. Is w a composite number?
False
Let a = 1 - 3. Is (-4)/8 - 63/a a composite number?
False
Suppose -3 = -g - 2*g. Suppose -32 = -o + g. Is o composite?
True
Let x(t) = 95*t - 3. Let i(w) = -48*w + 1. Let s(q) = 7*i(q) + 3*x(q). Is s(-5) a composite number?
True
Let u(j) = j**3 - 9*j**2 - 17*j - 15. Is u(14) composite?
False
Let c(m) = 13*m**2 - 2*m + 2. Let y be c(3). Suppose 4*z - y = 99. Is z composite?
False
Suppose -9 = 4*w + 5*r, 4*w - 8 + 2 = -2*r. Is (-568)/2*(-5)/w a composite number?
True
Let b(y) = -y**3 + 8*y**2 - 5*y + 1. Let z(v) = -v - 1. Let m(w) = -6*w - 5. Let k(l) = 2*m(l) - 11*z(l). Let n be k(-6). Is b(n) a composite number?
True
Let j = -153 + 338. Suppose -q = 2*q + 4*l - j, 4*q - 5*l = 288. Is q composite?
False
Suppose 9*m - 6*m - 9 = 0. Suppose -5*w = 3*a - a - 641, m*w + 5*a = 377. Is w a prime number?
False
Suppose -s + 2*s = -3*k + 4968, 3*k - 4*s - 4983 = 0. Is k a prime number?
True
Suppose -4*h = -3*h + 295. Let b = h + 498. Is b prime?
False
Suppose -5*z - 2*j + 45 = 0, 4*z - z - 6 = 3*j. Suppose 0*c + c - z = 0. Is c composite?
False
Suppose -4*c = -2*y + 218, 0 = 5*y - 2*c - 402 - 183. Is y composite?
True
Let u = 14 + -11. Is (55 + u)/((-2)/(-5)) prime?
False
Suppose -2*s = 5*i - 953, 560 - 61 = s - 2*i. Is s a prime number?
False
Let i(r) = -8*r**3 + 4*r**2 - 2*r + 3. Let x(h) = -17*h**3 + 9*h**2 - 5*h + 7. Let q(j) = -13*i(j) + 6*x(j). Let g be q(2). Let f = 33 - g. Is f composite?
True
Suppose -s - 155 = -5*j + 4*s, -2*s - 32 = -j. Let h be (-10)/(-3)*j/4. Suppose 0 = -p + 2*p - h. Is p prime?
False
Let m(i) = -i**3 - i**2 + i. Let d(p) = 327*p**3 - 7*p**2 + 7*p - 1. Let o(c) = d(c) - 5*m(c). Is o(1) prime?
True
Let l(p) = 4 - 2 + 4*p**2 - 6*p - 3. Let d be (-4)/3*(8 - 5). Is l(d) a prime number?
False
Let d(l) = 5*l + l + l. Let v be d(-1). Let y = -4 - v. Is y composite?
False
Let t(h) = 7*h**3 - 5*h**2 - h + 3. Let p(c) = -c**2 + 6 - 9*c**2 + 13*c**3 - 3*c + 0*c**2 + 0*c. Let q(l) = -6*p(l) + 11*t(l). Is q(6) a prime number?
True
Suppose -2*c = u - 228, -u - 583 = -5*c + 3*u. Is c a composite number?
True
Let j = -12 + 12. Suppose j = 3*q - 8*q + 1265. Is q composite?
True
Let v be (-10)/6*(-7 - -4). Suppose -f + 439 = -4*b, -v*f + 3*b - 2*b + 2100 = 0. Is f a prime number?
True
Let d = -2 + 4. Suppose -1381 = -d*t - 93. Suppose -5*h = -h - t. Is h composite?
True
Let v be (-6)/(-24) - 134/(-8). Let n = v - -20. Is n a composite number?
False
Let w(i) = -2*i**3 - 6*i**2 - 5*i - 5. Let c be w(-6). Suppose 0 = -5*n - 2*v - 296, -4*n = -0*n + 3*v + c. Let o = 93 + n. Is o a prime number?
False
Let z(f) = -f + 525 + f - f**2 + 152. Is z(0) a composite number?
False
Let f = -81 - -340. Is f a prime number?
False
Let a be (15 + -9)*(-2)/(-4). Let v(m) = m**3. Let k(o) = 4*o**3 - 4*o**2 + 2*o + 1. Let j(z) = -k(z) + 6*v(z). Is j(a) a prime number?
True
Suppose -4*h - 5*a = -14 + 55, 4*h + 4*a = -36. Let d = h + -3. Let b(m) = -5*m - 4. Is b(d) a composite number?
False
Suppose -1305 = -m - 142. Is m composite?
False
Let l be (-4)/6 + (-2480)/(-12). Suppose 4*z + 72 = -2*v + 278, -2*v + z + l = 0. Is v a prime number?
True
Suppose s - 5*s = -4*k - 748, 0 = -4*s - 3*k + 776. Is s a prime number?
True
Let f(z) = z**2. Let n = -6 - -1. Let i = -3 - n. Is f(i) composite?
True
Let c be (34/(-4))/((-3)/6). Suppose -2*x - c = -331. Is x prime?
True
Let l(k) = 586*k**2 + 1. Is l(-1) prime?
True
Let s = 10 + -6. Suppose 8*q - 4*q - 5*o - 384 = 0, -4*o = -s*q + 380. Let g = -38 + q. Is g prime?
True
Let v(a) = -4*a + 1. Let s be v(-1). Suppose -s*p + 631 = -2*m, 123 = -5*p + 6*p - 2*m. Is p a prime number?
True
Let r be -33*(-3)/(36/112). Is -1 + 0 - r*-1 prime?
True
Is (-173976)/(-55) - 1/5 a composite number?
False
Let a be 3/(-2*(-3)/6). Let y = 5 - a. Suppose -5*r = -y*r - 4*o - 109, 0 = -4*r - o + 139. Is r a prime number?
False
Suppose -242 = 2*s - 1778. Let g = s - 43. Suppose g = 4*t + 129. Is t a prime number?
True
Suppose -3*o - 3*f + 2106 = 0, -o - 5*f + 359 = -323. Is o composite?
True
Let r = 1 + 1. Suppose 337 = 7*d + 50. Suppose 4*j - 108 = -r*o, 5*o - d - 104 = -5*j. Is j a prime number?
False
Suppose 0*u + 4 = 2*u. Suppose 0 = u*d - 2, -2*c + d + 19 = 3*c. Let n(f) = 3*f + 3. Is n(c) a prime number?
False
Let o(i) = i**3 + 8*i**2 - i - 4. Let b be o(-7). Suppose -q = 5*u + b, -3*u + 5*q - 18 = 30. Is 0 - (-2 + u - 0) prime?
True
Suppose -993 = -2*k - k. Is k composite?
False
Let m(x) = 3*x**2 - 4*x. Let a(p) = 4*p**2 - 3*p + 1. Let t(o) = 2*a(o) - 3*m(o). Is t(3) a prime number?
True
Let l = -1 + 2. Is l/(1 + 156/(-158)) prime?
True
Is 4/(-6) - 489/(-9)*23 composite?
False
Is 53*-3*-3*6/27 composite?
True
Let w = -23039 + 42288. Is w composite?
False
Let r(k) be the second derivative of -k**5/20 + k**4/3 + 7*k**3/6 - 7*k**2/2 + 6*k. Suppose 4*m = -2*l - 2, 18 = -4*m + 6. Is r(l) composite?
False
Let z(m) be the second derivative of m**5/15 + m**4/8 + 2*m**3/3 + m**2 + m. Let b(q) be the first derivative of z(q). Is b(-3) composite?
False
Suppose 4 = 4*r - 4. Let y be r + 3*4/(-6). Suppose 2*g = -y*g + 26. Is g a prime number?
True
Suppose 9*c - 34134 = 10731. Is c a prime number?
False
Let i = -54 + 355. Suppose -i = 6*f - 2719. Is f a prime number?
False
Is 722/6 - 4/(-6) composite?
True
Let g(n) = n**3 + 5*n**2 + 3*n - 1. Let f be g(-4). Suppose -2*v + 1043 = 3*u, -f*u = -5*v + 2090 + 486. Is v prime?
False
Is 2*-2 + -5 + 1328 composite?
False
Is 332 - (4 - (1 + 2)) composite?
False
Let l = -1458 + 787. Let q = 966 + l. Suppose q = 5*x - 0*x. Is x a composite number?
False
Let z be -1 - ((2 - 0) + -6). Suppose -z*x = -249 - 1878. Is 4/18 + x/9 a composite number?
False
Suppose i - 2*i = -505. Is i composite?
True
Let u = 8 + -5. Let n(f) = 2 - f**3 - u - 4*f**2 + 2*f - 4*f. Is n(-4) a composite number?
False
Suppose -m - 4*x = 172, 2 = -2*x + 4*x. Let p = -65 - m. Is p a prime number?
False
Suppose 2*x - x = -4*m + 14, 3*m + x - 11 = 0. Suppose -2*h = m*h - 235. Let b = 78 - h. Is b prime?
True
Let z be (-4 - -13) + (0 - 0). Let d(w) = 2*w**2 - 9*w - 2. Is d(z) a prime number?
True
Let x(f) = 14*f. Let y be x(2). Suppose -5*o = -7 - y. Suppose -c + o + 4 = 0. Is c composite?
False
Let q be (0 + 3/(-6))*0. Suppose f + 0*f = q. Suppose f*t + 35 = t. Is t a composite number?
True
Let p = 175 + -254. Let x = 378 - p. Suppose 5*a + 5*h = 825, -4*a - h + 197 = -x. Is a a prime number?
True
Is 224 - (-3)/((-6)/2) a prime number?
True
Suppose -n + 1362 = 8*h - 3*h, n + h - 1378 = 0. Is n composite?
True
Let p = -189 - -293. Suppose 3*w = -5*o + 78, -5*w + 5*o + p + 26 = 0. Suppose 4*h - 290 - w = 0. Is h a composite number?
False
Suppose -3*z + 2*z + 189 = 0. Let o = 694 - 464. Let h = z + o. Is h a prime number?
True
Suppose 510 = 9*f - 3*f. Is f a composite number?
True
Suppose 0 = -z + q - 4, 0*z = -4*z - 3*q - 30. Let l = z + 13. Is l prime?
True
Let m(l) = 127*l. Suppose -c - 2*p + 3 = -0*p, 3*p - 4 = -c. Is m(c) a prime number?
True
Let b(q) = -8 - 18*q**2 - 3*q**3 - 9 - 12*q + 2. Le